17831 and 3425.
137
Calculate the greatest common divisor of 426 and 20195595.
213
What is the greatest common factor of 442 and 186056?
26
What is the highest common divisor of 3985554 and 1254?
114
Calculate the highest common divisor of 1440209695 and 305.
305
Calculate the greatest common divisor of 103341096 and 944.
472
What is the greatest common factor of 730 and 26833705?
365
Calculate the highest common divisor of 42648 and 10728.
24
Calculate the greatest common factor of 5469 and 76996228.
1823
Calculate the highest common factor of 500916 and 33288.
228
Calculate the greatest common divisor of 118488127 and 38017.
5431
What is the highest common factor of 12648 and 1563524?
68
What is the highest common factor of 46950080 and 250?
10
Calculate the greatest common divisor of 515632 and 579124.
1924
What is the highest common factor of 87975 and 239948880?
5865
What is the greatest common factor of 7843 and 135775970?
341
What is the greatest common divisor of 10418023 and 7?
7
What is the highest common divisor of 244331 and 592687?
73
Calculate the greatest common divisor of 60 and 559315.
5
Calculate the highest common factor of 1463 and 319081.
7
What is the greatest common factor of 3104 and 424266166?
194
What is the highest common divisor of 1796 and 15616220?
1796
What is the greatest common divisor of 321455563 and 52?
13
What is the greatest common divisor of 64 and 158703584?
32
Calculate the highest common factor of 554 and 57944522.
554
Calculate the greatest common factor of 4883760 and 602.
14
What is the highest common divisor of 10519 and 114767?
157
Calculate the highest common divisor of 78667228 and 782.
34
Calculate the highest common divisor of 11429685 and 9.
9
What is the greatest common factor of 7233490 and 50?
10
What is the highest common factor of 2997 and 151794?
81
What is the greatest common divisor of 8 and 439058?
2
What is the highest common divisor of 5454764 and 91?
7
What is the greatest common factor of 8676 and 1805572?
964
What is the greatest common factor of 26220 and 141132?
228
What is the highest common divisor of 1119930 and 5250?
210
Calculate the greatest common factor of 4136 and 91957192.
376
Calculate the greatest common divisor of 3250 and 304203250.
3250
Calculate the greatest common factor of 273015561 and 2067.
2067
What is the greatest common divisor of 8879 and 98683?
13
Calculate the greatest common divisor of 4351 and 171063687.
229
What is the greatest common factor of 98 and 255346056?
98
Calculate the highest common divisor of 122111862 and 28410.
5682
What is the highest common factor of 300996807 and 2361?
2361
Calculate the greatest common factor of 16145364 and 38988.
4332
Calculate the highest common divisor of 3270553 and 2431.
143
Calculate the highest common divisor of 55 and 37191055.
55
Calculate the highest common factor of 51941921 and 3899.
557
Calculate the greatest common factor of 838 and 65731463.
419
What is the highest common divisor of 689399667 and 10422?
5211
Calculate the greatest common divisor of 76 and 23785834.
38
What is the greatest common divisor of 29592 and 2079?
27
Calculate the greatest common divisor of 409970150 and 100.
50
Calculate the highest common divisor of 38347724 and 412.
412
Calculate the highest common divisor of 9411 and 23129101.
3137
What is the greatest common divisor of 592 and 13986296?
296
Calculate the highest common factor of 2488 and 6106796.
1244
What is the highest common divisor of 6061 and 238903682?
551
Calculate the greatest common divisor of 4560 and 49630641.
57
Calculate the greatest common divisor of 372 and 9650548.
124
Calculate the highest common divisor of 1760 and 978615440.
880
Calculate the highest common factor of 348634 and 1591876.
6578
What is the highest common divisor of 185136 and 19978158?
3306
Calculate the highest common factor of 72864 and 19184.
176
What is the greatest common factor of 513525 and 266295?
615
What is the greatest common divisor of 35625 and 9491925?
1425
What is the greatest common factor of 332079 and 12441?
957
What is the greatest common factor of 1826695 and 4654?
2327
What is the highest common divisor of 485016 and 33663?
21
Calculate the greatest common divisor of 148598446 and 138.
46
Calculate the greatest common factor of 1111 and 946890857.
1111
Calculate the highest common factor of 569134 and 93943.
37
Calculate the greatest common divisor of 13845310 and 230.
230
What is the highest common factor of 265 and 30230299?
53
What is the highest common divisor of 5505804 and 288?
36
What is the highest common factor of 302638 and 40306?
14
Calculate the highest common divisor of 698302 and 2794.
22
What is the greatest common factor of 2664288 and 16?
16
What is the greatest common divisor of 594 and 7307946?
18
What is the greatest common factor of 60 and 74863956?
12
What is the greatest common factor of 16910028 and 3258?
18
What is the highest common factor of 14 and 611363977?
7
What is the highest common factor of 14 and 250106?
2
Calculate the greatest common factor of 564927 and 1433968.
1007
What is the greatest common factor of 6360445 and 101920?
3185
Calculate the greatest common divisor of 15666417 and 10968.
1371
What is the highest common factor of 137795944 and 11440?
1144
Calculate the highest common divisor of 90 and 1765631565.
45
Calculate the highest common divisor of 17070 and 906377170.
5690
Calculate the greatest common divisor of 4132924 and 1348.
4
Calculate the highest common divisor of 192 and 629520576.
192
Calculate the greatest common factor of 112946114 and 942.
314
What is the highest common factor of 11713 and 24327?
901
What is the greatest common divisor of 24000 and 3468750?
750
What is the greatest common divisor of 9197394 and 18?
6
Calculate the greatest common divisor of 30686350 and 232.
58
Calculate the highest common divisor of 202758 and 40642194.
4314
What is the highest common divisor of 709491 and 7381?
61
What is the highest common divisor of 1701385 and 448?
7
What is the highest common divisor of 107 and 11131424?
107
Calculate the greatest common divisor of 3327 and 84251839.
1109
Calculate the highest common factor of 245848 and 747658.
778
Calculate the greatest common factor of 1125833544 and 9.
9
Calculate the greatest common factor of 30020 and 11628800.
1580
Calculate the highest common divisor of 3003 and 5049.
33
Calculate the highest common divisor of 557095 and 1925.
385
Calculate the greatest common divisor of 36 and 56059668.
36
Calculate the highest common factor of 1470 and 64905.
15
What is the highest common divisor of 11038763 and 5423?
493
What is the highest common factor of 21056600 and 889?
127
What is the highest common factor of 22 and 45741806?
22
Calculate the greatest common divisor of 2973674547 and 9.
9
Calculate the greatest common factor of 878294881 and 4871.
4871
Calculate the greatest common factor of 5181 and 45363109.
1727
Calculate the highest common factor of 6587325 and 44550.
2025
What is the highest common factor of 29 and 11582455?
29
Calculate the greatest common divisor of 61254822 and 456.
114
Calculate the highest common divisor of 3264 and 166053824.
1088
What is the greatest common divisor of 10048544 and 11880?
88
What is the highest common divisor of 8232660 and 4140?
180
Calculate the greatest common divisor of 557478984 and 1896.
1896
What is the greatest common divisor of 70857 and 143847583?
7873
What is the greatest common factor of 7322 and 73522294?
1046
What is the highest common factor of 27068294 and 396?
22
What is the greatest common factor of 526591 and 539?
1
What is the highest common factor of 418407 and 56978?
31
What is the greatest common factor of 897345 and 29440?
115
What is the highest common divisor of 468 and 75525957?
117
Calculate the highest common divisor of 1353 and 619797.
123
Calculate the highest common factor of 139 and 31776651.
139
What is the greatest common divisor of 89270848 and 320?
64
What is the greatest common divisor of 57567 and 31060182?
1857
What is the highest common factor of 4721192 and 10696?
56
What is the highest common divisor of 20316156 and 252?
84
Calculate the greatest common factor of 1634055 and 12